{"id":4071,"date":"2022-12-13T20:46:27","date_gmt":"2022-12-13T19:46:27","guid":{"rendered":"https:\/\/schizofrenia.com\/verejnost\/pojmy\/fazy-schizofrenie\/"},"modified":"2022-12-13T20:52:07","modified_gmt":"2022-12-13T19:52:07","slug":"fazy-schizofrenie","status":"publish","type":"pojmy","link":"https:\/\/schizofrenia.com\/verejnost\/slovnik-pojmov\/fazy-schizofrenie\/","title":{"rendered":"F\u00e1zy schizofr\u00e9nie"},"content":{"rendered":"<p>Schizofr\u00e9nia prebieha typicky v\u00a0<a href=\"https:\/\/schizofrenia.com\/verejnost\/fazy-schizofrenie\/\">3 f\u00e1zach<\/a>: <strong>prodrom\u00e1lna f\u00e1za, ak\u00fatna f\u00e1za a stabiln\u00e1 f\u00e1za<\/strong>. Prodrom\u00e1lna odkazuje na obdobie pred prvou ak\u00fatnou epiz\u00f3dou. Po prodrom\u00e1lnej f\u00e1ze obvykle za\u010d\u00edna ak\u00fatna f\u00e1za (pr\u00edtomn\u00e9 halucin\u00e1cie alebo bludy) a po nej stabiln\u00e1 f\u00e1za, ktor\u00e1 m\u00f4\u017ee trva\u0165 aj roky a\u00a0m\u00f4\u017eu ju sprev\u00e1dza\u0165 negat\u00edvne sympt\u00f3my.<\/p>\n<p>Ide len o\u00a0zjednodu\u0161en\u00fd opis a jednotliv\u00e9 f\u00e1zy sa l\u00ed\u0161ia pr\u00edznakmi a\u00a0d\u013a\u017ekou trvania. <a href=\"https:\/\/schizofrenia.com\/verejnost\/fazy-schizofrenie\/\">Viac si o\u00a0jednotliv\u00fdch f\u00e1zach schizofr\u00e9nie a\u00a0priebehu ochorenia pre\u010d\u00edtate na tejto podstr\u00e1nke.<\/a><\/p>\n","protected":false},"excerpt":{"rendered":"<p>Schizofr\u00e9nia prebieha typicky v\u00a03 f\u00e1zach: prodrom\u00e1lna f\u00e1za, ak\u00fatna f\u00e1za a stabiln\u00e1 f\u00e1za. Prodrom\u00e1lna odkazuje na obdobie pred prvou ak\u00fatnou epiz\u00f3dou. Po prodrom\u00e1lnej f\u00e1ze obvykle za\u010d\u00edna ak\u00fatna f\u00e1za (pr\u00edtomn\u00e9 halucin\u00e1cie alebo bludy) a po nej stabiln\u00e1 f\u00e1za, ktor\u00e1 m\u00f4\u017ee trva\u0165 aj roky a\u00a0m\u00f4\u017eu ju sprev\u00e1dza\u0165 negat\u00edvne sympt\u00f3my. Ide len o\u00a0zjednodu\u0161en\u00fd opis a jednotliv\u00e9 f\u00e1zy sa l\u00ed\u0161ia [&hellip;]<\/p>\n","protected":false},"author":7,"featured_media":0,"template":"","meta":{"om_disable_all_campaigns":false,"rea_page_title_signed_in_meta_block_field":"","rea_page_title_signed_out_meta_block_field":"","rea_page_description_signed_in_meta_block_field":"","rea_page_description_signed_out_meta_block_field":"","rea_page_footer_id_meta_block_field":"","rea_page_footer_date_meta_block_field":"","footnotes":""},"glossary":[32],"class_list":["post-4071","pojmy","type-pojmy","status-publish","hentry","glossary-f"],"acf":[],"yoast_head":"<!-- This site is optimized with the Yoast SEO plugin v28.3 - https:\/\/yoast.com\/product\/yoast-seo-wordpress\/ -->\n<title>F\u00e1zy schizofr\u00e9nie - Schizofrenia.com<\/title>\n<meta name=\"robots\" content=\"index, follow, max-snippet:-1, max-image-preview:large, max-video-preview:-1\" \/>\n<link rel=\"canonical\" href=\"https:\/\/schizofrenia.com\/verejnost\/slovnik-pojmov\/fazy-schizofrenie\/\" \/>\n<meta property=\"og:locale\" content=\"sk_SK\" \/>\n<meta property=\"og:type\" content=\"article\" \/>\n<meta property=\"og:title\" content=\"F\u00e1zy schizofr\u00e9nie - Schizofrenia.com\" \/>\n<meta property=\"og:description\" content=\"Schizofr\u00e9nia prebieha typicky v\u00a03 f\u00e1zach: prodrom\u00e1lna f\u00e1za, ak\u00fatna f\u00e1za a stabiln\u00e1 f\u00e1za. Prodrom\u00e1lna odkazuje na obdobie pred prvou ak\u00fatnou epiz\u00f3dou. Po prodrom\u00e1lnej f\u00e1ze obvykle za\u010d\u00edna ak\u00fatna f\u00e1za (pr\u00edtomn\u00e9 halucin\u00e1cie alebo bludy) a po nej stabiln\u00e1 f\u00e1za, ktor\u00e1 m\u00f4\u017ee trva\u0165 aj roky a\u00a0m\u00f4\u017eu ju sprev\u00e1dza\u0165 negat\u00edvne sympt\u00f3my. Ide len o\u00a0zjednodu\u0161en\u00fd opis a jednotliv\u00e9 f\u00e1zy sa l\u00ed\u0161ia [&hellip;]\" \/>\n<meta property=\"og:url\" content=\"https:\/\/schizofrenia.com\/verejnost\/slovnik-pojmov\/fazy-schizofrenie\/\" \/>\n<meta property=\"og:site_name\" content=\"Schizofrenia.com\" \/>\n<meta property=\"article:publisher\" content=\"https:\/\/www.facebook.com\/people\/Schizofrnia\/100081076399134\/\" \/>\n<meta property=\"article:modified_time\" content=\"2022-12-13T19:52:07+00:00\" \/>\n<meta name=\"twitter:card\" content=\"summary_large_image\" \/>\n<meta name=\"twitter:label1\" content=\"Predpokladan\u00fd \u010das \u010d\u00edtania\" \/>\n\t<meta name=\"twitter:data1\" content=\"1 min\u00fata\" \/>\n<script type=\"application\/ld+json\" class=\"yoast-schema-graph\">{\"@context\":\"https:\\\/\\\/schema.org\",\"@graph\":[{\"@type\":\"WebPage\",\"@id\":\"https:\\\/\\\/schizofrenia.com\\\/verejnost\\\/slovnik-pojmov\\\/fazy-schizofrenie\\\/\",\"url\":\"https:\\\/\\\/schizofrenia.com\\\/verejnost\\\/slovnik-pojmov\\\/fazy-schizofrenie\\\/\",\"name\":\"F\u00e1zy schizofr\u00e9nie - Schizofrenia.com\",\"isPartOf\":{\"@id\":\"https:\\\/\\\/schizofrenia.com\\\/verejnost\\\/#website\"},\"datePublished\":\"2022-12-13T19:46:27+00:00\",\"dateModified\":\"2022-12-13T19:52:07+00:00\",\"breadcrumb\":{\"@id\":\"https:\\\/\\\/schizofrenia.com\\\/verejnost\\\/slovnik-pojmov\\\/fazy-schizofrenie\\\/#breadcrumb\"},\"inLanguage\":\"sk-SK\",\"potentialAction\":[{\"@type\":\"ReadAction\",\"target\":[\"https:\\\/\\\/schizofrenia.com\\\/verejnost\\\/slovnik-pojmov\\\/fazy-schizofrenie\\\/\"]}]},{\"@type\":\"BreadcrumbList\",\"@id\":\"https:\\\/\\\/schizofrenia.com\\\/verejnost\\\/slovnik-pojmov\\\/fazy-schizofrenie\\\/#breadcrumb\",\"itemListElement\":[{\"@type\":\"ListItem\",\"position\":1,\"name\":\"Home\",\"item\":\"https:\\\/\\\/schizofrenia.com\\\/verejnost\\\/\"},{\"@type\":\"ListItem\",\"position\":2,\"name\":\"Pojmy\",\"item\":\"https:\\\/\\\/schizofrenia.com\\\/verejnost\\\/pojmy\\\/\"},{\"@type\":\"ListItem\",\"position\":3,\"name\":\"F\u00e1zy schizofr\u00e9nie\"}]},{\"@type\":\"WebSite\",\"@id\":\"https:\\\/\\\/schizofrenia.com\\\/verejnost\\\/#website\",\"url\":\"https:\\\/\\\/schizofrenia.com\\\/verejnost\\\/\",\"name\":\"Schizofrenia.com\",\"description\":\"Z\u00e1klad\u0148a pre \u013eud\u00ed \u017eij\u00facich so schizofr\u00e9niou\",\"publisher\":{\"@id\":\"https:\\\/\\\/schizofrenia.com\\\/verejnost\\\/#organization\"},\"potentialAction\":[{\"@type\":\"SearchAction\",\"target\":{\"@type\":\"EntryPoint\",\"urlTemplate\":\"https:\\\/\\\/schizofrenia.com\\\/verejnost\\\/?s={search_term_string}\"},\"query-input\":{\"@type\":\"PropertyValueSpecification\",\"valueRequired\":true,\"valueName\":\"search_term_string\"}}],\"inLanguage\":\"sk-SK\"},{\"@type\":\"Organization\",\"@id\":\"https:\\\/\\\/schizofrenia.com\\\/verejnost\\\/#organization\",\"name\":\"Schizofrenia.com\",\"url\":\"https:\\\/\\\/schizofrenia.com\\\/verejnost\\\/\",\"logo\":{\"@type\":\"ImageObject\",\"inLanguage\":\"sk-SK\",\"@id\":\"https:\\\/\\\/schizofrenia.com\\\/verejnost\\\/#\\\/schema\\\/logo\\\/image\\\/\",\"url\":\"https:\\\/\\\/schizofrenia.com\\\/verejnost\\\/wp-content\\\/uploads\\\/2020\\\/03\\\/Schizophrenia-logo-01.png\",\"contentUrl\":\"https:\\\/\\\/schizofrenia.com\\\/verejnost\\\/wp-content\\\/uploads\\\/2020\\\/03\\\/Schizophrenia-logo-01.png\",\"width\":1927,\"height\":1891,\"caption\":\"Schizofrenia.com\"},\"image\":{\"@id\":\"https:\\\/\\\/schizofrenia.com\\\/verejnost\\\/#\\\/schema\\\/logo\\\/image\\\/\"},\"sameAs\":[\"https:\\\/\\\/www.facebook.com\\\/people\\\/Schizofrnia\\\/100081076399134\\\/\"]}]}<\/script>\n<!-- \/ Yoast SEO plugin. -->","yoast_head_json":{"title":"F\u00e1zy schizofr\u00e9nie - Schizofrenia.com","robots":{"index":"index","follow":"follow","max-snippet":"max-snippet:-1","max-image-preview":"max-image-preview:large","max-video-preview":"max-video-preview:-1"},"canonical":"https:\/\/schizofrenia.com\/verejnost\/slovnik-pojmov\/fazy-schizofrenie\/","og_locale":"sk_SK","og_type":"article","og_title":"F\u00e1zy schizofr\u00e9nie - Schizofrenia.com","og_description":"Schizofr\u00e9nia prebieha typicky v\u00a03 f\u00e1zach: prodrom\u00e1lna f\u00e1za, ak\u00fatna f\u00e1za a stabiln\u00e1 f\u00e1za. Prodrom\u00e1lna odkazuje na obdobie pred prvou ak\u00fatnou epiz\u00f3dou. Po prodrom\u00e1lnej f\u00e1ze obvykle za\u010d\u00edna ak\u00fatna f\u00e1za (pr\u00edtomn\u00e9 halucin\u00e1cie alebo bludy) a po nej stabiln\u00e1 f\u00e1za, ktor\u00e1 m\u00f4\u017ee trva\u0165 aj roky a\u00a0m\u00f4\u017eu ju sprev\u00e1dza\u0165 negat\u00edvne sympt\u00f3my. Ide len o\u00a0zjednodu\u0161en\u00fd opis a jednotliv\u00e9 f\u00e1zy sa l\u00ed\u0161ia [&hellip;]","og_url":"https:\/\/schizofrenia.com\/verejnost\/slovnik-pojmov\/fazy-schizofrenie\/","og_site_name":"Schizofrenia.com","article_publisher":"https:\/\/www.facebook.com\/people\/Schizofrnia\/100081076399134\/","article_modified_time":"2022-12-13T19:52:07+00:00","twitter_card":"summary_large_image","twitter_misc":{"Predpokladan\u00fd \u010das \u010d\u00edtania":"1 min\u00fata"},"schema":{"@context":"https:\/\/schema.org","@graph":[{"@type":"WebPage","@id":"https:\/\/schizofrenia.com\/verejnost\/slovnik-pojmov\/fazy-schizofrenie\/","url":"https:\/\/schizofrenia.com\/verejnost\/slovnik-pojmov\/fazy-schizofrenie\/","name":"F\u00e1zy schizofr\u00e9nie - Schizofrenia.com","isPartOf":{"@id":"https:\/\/schizofrenia.com\/verejnost\/#website"},"datePublished":"2022-12-13T19:46:27+00:00","dateModified":"2022-12-13T19:52:07+00:00","breadcrumb":{"@id":"https:\/\/schizofrenia.com\/verejnost\/slovnik-pojmov\/fazy-schizofrenie\/#breadcrumb"},"inLanguage":"sk-SK","potentialAction":[{"@type":"ReadAction","target":["https:\/\/schizofrenia.com\/verejnost\/slovnik-pojmov\/fazy-schizofrenie\/"]}]},{"@type":"BreadcrumbList","@id":"https:\/\/schizofrenia.com\/verejnost\/slovnik-pojmov\/fazy-schizofrenie\/#breadcrumb","itemListElement":[{"@type":"ListItem","position":1,"name":"Home","item":"https:\/\/schizofrenia.com\/verejnost\/"},{"@type":"ListItem","position":2,"name":"Pojmy","item":"https:\/\/schizofrenia.com\/verejnost\/pojmy\/"},{"@type":"ListItem","position":3,"name":"F\u00e1zy schizofr\u00e9nie"}]},{"@type":"WebSite","@id":"https:\/\/schizofrenia.com\/verejnost\/#website","url":"https:\/\/schizofrenia.com\/verejnost\/","name":"Schizofrenia.com","description":"Z\u00e1klad\u0148a pre \u013eud\u00ed \u017eij\u00facich so schizofr\u00e9niou","publisher":{"@id":"https:\/\/schizofrenia.com\/verejnost\/#organization"},"potentialAction":[{"@type":"SearchAction","target":{"@type":"EntryPoint","urlTemplate":"https:\/\/schizofrenia.com\/verejnost\/?s={search_term_string}"},"query-input":{"@type":"PropertyValueSpecification","valueRequired":true,"valueName":"search_term_string"}}],"inLanguage":"sk-SK"},{"@type":"Organization","@id":"https:\/\/schizofrenia.com\/verejnost\/#organization","name":"Schizofrenia.com","url":"https:\/\/schizofrenia.com\/verejnost\/","logo":{"@type":"ImageObject","inLanguage":"sk-SK","@id":"https:\/\/schizofrenia.com\/verejnost\/#\/schema\/logo\/image\/","url":"https:\/\/schizofrenia.com\/verejnost\/wp-content\/uploads\/2020\/03\/Schizophrenia-logo-01.png","contentUrl":"https:\/\/schizofrenia.com\/verejnost\/wp-content\/uploads\/2020\/03\/Schizophrenia-logo-01.png","width":1927,"height":1891,"caption":"Schizofrenia.com"},"image":{"@id":"https:\/\/schizofrenia.com\/verejnost\/#\/schema\/logo\/image\/"},"sameAs":["https:\/\/www.facebook.com\/people\/Schizofrnia\/100081076399134\/"]}]}},"_links":{"self":[{"href":"https:\/\/schizofrenia.com\/verejnost\/wp-json\/wp\/v2\/pojmy\/4071","targetHints":{"allow":["GET"]}}],"collection":[{"href":"https:\/\/schizofrenia.com\/verejnost\/wp-json\/wp\/v2\/pojmy"}],"about":[{"href":"https:\/\/schizofrenia.com\/verejnost\/wp-json\/wp\/v2\/types\/pojmy"}],"author":[{"embeddable":true,"href":"https:\/\/schizofrenia.com\/verejnost\/wp-json\/wp\/v2\/users\/7"}],"version-history":[{"count":1,"href":"https:\/\/schizofrenia.com\/verejnost\/wp-json\/wp\/v2\/pojmy\/4071\/revisions"}],"predecessor-version":[{"id":4090,"href":"https:\/\/schizofrenia.com\/verejnost\/wp-json\/wp\/v2\/pojmy\/4071\/revisions\/4090"}],"wp:attachment":[{"href":"https:\/\/schizofrenia.com\/verejnost\/wp-json\/wp\/v2\/media?parent=4071"}],"wp:term":[{"taxonomy":"glossary","embeddable":true,"href":"https:\/\/schizofrenia.com\/verejnost\/wp-json\/wp\/v2\/glossary?post=4071"}],"curies":[{"name":"wp","href":"https:\/\/api.w.org\/{rel}","templated":true}]}}

Fázy schizofrénie

<p>Schizofrénia prebieha typicky v <a href="https://schizofrenia.com/verejnost/fazy-schizofrenie/">3 fázach</a>: <strong>prodromálna fáza, akútna fáza a stabilná fáza</strong>. Prodromálna odkazuje na obdobie pred prvou akútnou epizódou. Po prodromálnej fáze obvykle začína akútna fáza (prítomné halucinácie alebo bludy) a po nej stabilná fáza, ktorá môže trvať aj roky a môžu ju sprevádzať negatívne symptómy.</p>
<p>Ide len o zjednodušený opis a jednotlivé fázy sa líšia príznakmi a dĺžkou trvania. <a href="https://schizofrenia.com/verejnost/fazy-schizofrenie/">Viac si o jednotlivých fázach schizofrénie a priebehu ochorenia prečítate na tejto podstránke.</a></p>

<p>Schizofrénia prebieha typicky v 3 fázach: prodromálna fáza, akútna fáza a stabilná fáza. Prodromálna odkazuje na obdobie pred prvou akútnou epizódou. Po prodromálnej fáze obvykle začína akútna fáza (prítomné halucinácie alebo bludy) a po nej stabilná fáza, ktorá môže trvať aj roky a môžu ju sprevádzať negatívne symptómy. Ide len o zjednodušený opis a jednotlivé fázy sa líšia [&hellip;]</p>

<!-- This site is optimized with the Yoast SEO plugin v28.3 - https://yoast.com/product/yoast-seo-wordpress/ -->
<title>Fázy schizofrénie - Schizofrenia.com</title>
<meta name="robots" content="index, follow, max-snippet:-1, max-image-preview:large, max-video-preview:-1" />
<link rel="canonical" href="https://schizofrenia.com/verejnost/slovnik-pojmov/fazy-schizofrenie/" />
<meta property="og:locale" content="sk_SK" />
<meta property="og:type" content="article" />
<meta property="og:title" content="Fázy schizofrénie - Schizofrenia.com" />
<meta property="og:description" content="Schizofrénia prebieha typicky v 3 fázach: prodromálna fáza, akútna fáza a stabilná fáza. Prodromálna odkazuje na obdobie pred prvou akútnou epizódou. Po prodromálnej fáze obvykle začína akútna fáza (prítomné halucinácie alebo bludy) a po nej stabilná fáza, ktorá môže trvať aj roky a môžu ju sprevádzať negatívne symptómy. Ide len o zjednodušený opis a jednotlivé fázy sa líšia [&hellip;]" />
<meta property="og:url" content="https://schizofrenia.com/verejnost/slovnik-pojmov/fazy-schizofrenie/" />
<meta property="og:site_name" content="Schizofrenia.com" />
<meta property="article:publisher" content="https://www.facebook.com/people/Schizofrnia/100081076399134/" />
<meta property="article:modified_time" content="2022-12-13T19:52:07+00:00" />
<meta name="twitter:card" content="summary_large_image" />
<meta name="twitter:label1" content="Predpokladaný čas čítania" />
	<meta name="twitter:data1" content="1 minúta" />
<script type="application/ld+json" class="yoast-schema-graph">{"@context":"https:\/\/schema.org","@graph":[{"@type":"WebPage","@id":"https:\/\/schizofrenia.com\/verejnost\/slovnik-pojmov\/fazy-schizofrenie\/","url":"https:\/\/schizofrenia.com\/verejnost\/slovnik-pojmov\/fazy-schizofrenie\/","name":"Fázy schizofrénie - Schizofrenia.com","isPartOf":{"@id":"https:\/\/schizofrenia.com\/verejnost\/#website"},"datePublished":"2022-12-13T19:46:27+00:00","dateModified":"2022-12-13T19:52:07+00:00","breadcrumb":{"@id":"https:\/\/schizofrenia.com\/verejnost\/slovnik-pojmov\/fazy-schizofrenie\/#breadcrumb"},"inLanguage":"sk-SK","potentialAction":[{"@type":"ReadAction","target":["https:\/\/schizofrenia.com\/verejnost\/slovnik-pojmov\/fazy-schizofrenie\/"]}]},{"@type":"BreadcrumbList","@id":"https:\/\/schizofrenia.com\/verejnost\/slovnik-pojmov\/fazy-schizofrenie\/#breadcrumb","itemListElement":[{"@type":"ListItem","position":1,"name":"Home","item":"https:\/\/schizofrenia.com\/verejnost\/"},{"@type":"ListItem","position":2,"name":"Pojmy","item":"https:\/\/schizofrenia.com\/verejnost\/pojmy\/"},{"@type":"ListItem","position":3,"name":"Fázy schizofrénie"}]},{"@type":"WebSite","@id":"https:\/\/schizofrenia.com\/verejnost\/#website","url":"https:\/\/schizofrenia.com\/verejnost\/","name":"Schizofrenia.com","description":"Základňa pre ľudí žijúcich so schizofréniou","publisher":{"@id":"https:\/\/schizofrenia.com\/verejnost\/#organization"},"potentialAction":[{"@type":"SearchAction","target":{"@type":"EntryPoint","urlTemplate":"https:\/\/schizofrenia.com\/verejnost\/?s={search_term_string}"},"query-input":{"@type":"PropertyValueSpecification","valueRequired":true,"valueName":"search_term_string"}}],"inLanguage":"sk-SK"},{"@type":"Organization","@id":"https:\/\/schizofrenia.com\/verejnost\/#organization","name":"Schizofrenia.com","url":"https:\/\/schizofrenia.com\/verejnost\/","logo":{"@type":"ImageObject","inLanguage":"sk-SK","@id":"https:\/\/schizofrenia.com\/verejnost\/#\/schema\/logo\/image\/","url":"https:\/\/schizofrenia.com\/verejnost\/wp-content\/uploads\/2020\/03\/Schizophrenia-logo-01.png","contentUrl":"https:\/\/schizofrenia.com\/verejnost\/wp-content\/uploads\/2020\/03\/Schizophrenia-logo-01.png","width":1927,"height":1891,"caption":"Schizofrenia.com"},"image":{"@id":"https:\/\/schizofrenia.com\/verejnost\/#\/schema\/logo\/image\/"},"sameAs":["https:\/\/www.facebook.com\/people\/Schizofrnia\/100081076399134\/"]}]}</script>
<!-- / Yoast SEO plugin. -->

Fázy schizofrénie - Schizofrenia.com

Schizofrénia prebieha typicky v 3 fázach: prodromálna fáza, akútna fáza a stabilná fáza. Prodromálna odkazuje na obdobie pred prvou akútnou epizódou. Po prodromálnej fáze obvykle začína akútna fáza (prítomné halucinácie alebo bludy) a po nej stabilná fáza, ktorá môže trvať aj roky a môžu ju sprevádzať negatívne symptómy. Ide len o zjednodušený opis a jednotlivé fázy sa líšia [&hellip;]

1 minúta

Základňa pre ľudí žijúcich so schizofréniou
